se 4*c - s*c = 0. Suppose c = -2*h - 4 + 2, -3*t = h - 116. List the prime factors of t.
3, 13
Let t(u) = 568*u - 181. List the prime factors of t(2).
5, 191
Suppose -4*t + 0 = -12. Let w(f) = -f**2 - 4*f. Let r be w(-3). Suppose t = -a, b + 0*a - r*a - 37 = 0. What are the prime factors of b?
2, 7
Suppose -3*s + 1602 = 3*r, 2*s = -3*r + 4*r - 519. What are the prime factors of r?
23
Let d = 17 + -13. Suppose -d*c = -5 - 3. Suppose -11 = -w - 2*o, -7*w + o = -c*w - 88. List the prime factors of w.
17
Suppose -53*o + 163178 = -29159. List the prime factors of o.
19, 191
Suppose -9*t = -8*t. Suppose 0 = 2*n + 8, -3*w + 5*n + t*n + 95 = 0. What are the prime factors of w?
5
Let z(n) = n**3 + 6*n**2 + 3*n - 3. Let d = -16 + 41. Suppose -d = 4*f + f. List the prime factors of z(f).
7
Let w(b) = 14*b**2 - 29*b + 14. What are the prime factors of w(-7)?
3, 7, 43
Let f = 933 - 562. Suppose -3*r + 85 - 448 = -5*i, 0 = -5*i + r + f. What are the prime factors of i?
3, 5
Let w(p) = 5*p - 14. Let q be w(6). Suppose 0 = -3*y + q + 125. Suppose 201 + y = 4*s. List the prime factors of s.
2, 31
Let t(d) = d**2 + 10*d - 3. Let o be t(-11). Suppose -o*z = -3*z - 705. List the prime factors of z.
3, 47
Let n(s) = -3 + 0 + 2*s + 0 + 7. Let w be n(-2). What are the prime factors of (-5 + w)*38/(-5)?
2, 19
Let k(a) = -a**3 + 3*a**2 - a - 1. Let p be 1*2 + (9 - 9). Let n be k(p). List the prime factors of (-10)/(-4)*(13 + n).
5, 7
Let p = -1900 + 4596. What are the prime factors of p?
2, 337
Let g be ((-2)/4*-1)/((-5)/(-650)). Let n = -25 + g. What are the prime factors of n?
2, 5
Let k(x) = 127*x**2 - 4*x + 4. Let a(u) = u**2 + 2*u + 2. Let l be a(-1). What are the prime factors of k(l)?
127
Suppose -2*z + 109 = 3*r - z, -r + z + 31 = 0. Let f = 31 + -48. Let j = f + r. List the prime factors of j.
2, 3
Let v = 147 + 81. List the prime factors of v.
2, 3, 19
Let u = 47 - 72. Let q = -27 - u. What are the prime factors of (-94)/q + (-12)/12?
2, 23
What are the prime factors of (-132832)/(-98) - 9/21?
5, 271
Let s(k) = 202*k**2 + 2*k - 2. Let a be s(-2). Suppose 1594 = -4*z + 3*j, 4*z - a = 6*z + j. What are the prime factors of 8/(-36) - z/18?
2, 11
Suppose 2*g + 1 = -11. Let z = 13 - g. Suppose -5*f - m + 12 = -z, 0 = 4*f - 3*m - 21. List the prime factors of f.
2, 3
What are the prime factors of -1 + 1 - (-4983)/(1 - -10)?
3, 151
Let w = -813 + 1157. List the prime factors of w.
2, 43
What are the prime factors of 1/(-4 + (-39045)/(-9760))?
2, 61
Suppose 2*w - p + 3*p - 304 = 0, 0 = -4*w - 5*p + 611. Suppose w = 4*v + 49. What are the prime factors of v?
5
Let a be -3*(5 - 17/3). Suppose -6*f = a*f - 784. List the prime factors of f.
2, 7
What are the prime factors of 27712/60 + -4 - 6/(-45)?
2, 229
Suppose 0 = -o - 2*u - 179 - 109, o + 302 = 5*u. Let m be o/(-6) - 3/(-9). List the prime factors of m/3 - (-2)/3.
17
Suppose 59975 = -75*o + 188375. List the prime factors of o.
2, 107
Let o be (-1864)/88 + 4/22. Let k = o - -5. Let w = 38 + k. List the prime factors of w.
2, 11
Let j = -494 - -842. List the prime factors of j.
2, 3, 29
Let w(k) = k**2 + k + 2. Let m be w(-2). Suppose -m*g - c = 4*c - 556, 4*g + 2*c - 556 = 0. What are the prime factors of g?
139
Let g(k) = 61*k. List the prime factors of g(7).
7, 61
Let k = 3471 + -2070. List the prime factors of k.
3, 467
Let h = -2 + 4. Suppose 0 = -3*q - h*n + 45 - 6, n + 3 = 0. Suppose -45 = -16*d + q*d. List the prime factors of d.
3, 5
Suppose 2*l - 5*z + 5 - 63 = 0, -3*z - 88 = -4*l. Let p = 52 - l. Let a = p - -5. What are the prime factors of a?
2, 19
Suppose -5*w - 20 = 0, 2*c = -4*w - 2 - 12. Suppose -c - 3 = -z. Let g(u) = u**3 - 3*u**2 - u + 5. List the prime factors of g(z).
17
Let i(a) = a**2 - 2*a + 1. Let y be i(1). Suppose 2*c + c = y. Suppose c*t = 5*t - 170. List the prime factors of t.
2, 17
List the prime factors of 5 - 10*(294/(-30) + -1).
113
What are the prime factors of (11 - 15/3) + 252?
2, 3, 43
Suppose 6*d + 36 = -18. Let q = -2 - d. Suppose -q = -l + 39. What are the prime factors of l?
2, 23
List the prime factors of (6 + -4)/(8/2192).
2, 137
Let k(o) = 135*o + 138. What are the prime factors of k(17)?
3, 811
Let j = -9 - 18. Let q = j - -47. List the prime factors of q.
2, 5
Suppose 4*g - 1127 = 229. List the prime factors of g.
3, 113
Suppose 5*q = y + 13164, 72*y + 7900 = 3*q + 73*y. List the prime factors of q.
2633
Let q(p) be the first derivative of p**4/4 + 8*p**3/3 + 5*p**2/2 - 7*p + 5. Let g(m) = -m**3 + 7*m**2 - 6. Let z be g(7). What are the prime factors of q(z)?
5, 7
Let b be ((-4)/(-10))/((-1)/(-5)). Let x(s) = -s**b - 2*s + 4 - s**3 + 2*s**2 - 6*s**2. What are the prime factors of x(-6)?
2, 13
Suppose 3*t = 9, u - 4*t = -3*u + 108. List the prime factors of -3*(-1)/5 + 3822/u.
2
Let u = 385 + 10. What are the prime factors of u?
5, 79
Suppose 5*g - 242 = -4*j - 2, -3*g + 287 = 5*j. Let p = j - 1. Suppose -2 - p = -2*v. What are the prime factors of v?
2, 7
Let c be -3 - (0 - 16/(-4)). What are the prime factors of (-2)/c + 2 - 14/49?
2
Let n(v) = -3*v**2 - 6 + 4 + 2*v**2 + 2*v**3 + v + v**3. Let l be n(2). List the prime factors of (10/8)/(5/l).
5
Let j(m) = -21*m**2 + 3*m - 1. Let p be j(-2). Let a = -82 - p. What are the prime factors of a?
3
Let p = -75 + 77. What are the prime factors of -1 - p/(8/(-636))?
2, 79
Let b be (1 - 4/6) + (-1105)/(-195). Suppose -776 = -14*i + b*i. What are the prime factors of i?
97
Let x(c) = -c**2 - 11*c - 6. Let s be x(-9). Suppose -s = -6*y + 2*y. Suppose 4*v - 224 = -y*v. List the prime factors of v.
2
Let g(y) = 9*y**2 - 40*y - 100. List the prime factors of g(-18).
2, 13, 17
Let n(u) = 11*u - 13. Let r be ((-806)/39)/((-2)/3). Let j = r + -27. What are the prime factors of n(j)?
31
Let p(l) = 23*l + 14. Let w be p(-5). Let h = 198 + w. What are the prime factors of h?
97
Suppose 3*p + 4*q + 23 = 0, 4*q = -2*p + p - 13. Let g = p + 5. Suppose -l + 6 - 3 = g. List the prime factors of l.
3
Let r be (-6)/(-12)*(-4)/(-3)*3. Suppose 5*p + u - 321 = 0, -r*u = -0*u + 8. List the prime factors of p.
5, 13
Suppose -2*q = 205 - 943. List the prime factors of q.
3, 41
Suppose -128*i - 1408 = -132*i. What are the prime factors of i?
2, 11
Let a(m) = -1 - 1 - 12*m**3 + 1 + 22*m**3. What are the prime factors of a(1)?
3
Let a(v) = v**3 + 5*v**2 - 2*v + 4. Let n be a(6). Suppose 16*y - 12*y - n = 0. List the prime factors of y.
97
Suppose -28 = -2*g + 5*s, g - 100 = -4*g + 5*s. What are the prime factors of g?
2, 3
Let z(a) = 15 - 7*a + 0*a + 6*a. Let w be z(18). List the prime factors of 63 - 0/(-4 - w).
3, 7
Let i = 11 - 9. Suppose 0 = -5*z + i*j - j + 287, 2*j = -2*z + 122. Suppose q + q - z = 0. List the prime factors of q.
29
Suppose 3*r = 2*o + 4175, -3*r - 12*o + 4183 = -10*o. List the prime factors of r.
7, 199
Let p(b) = 17*b**2 - 38*b + 8. What are the prime factors of p(-5)?
7, 89
Let l = 208 + -98. List the prime factors of l.
2, 5, 11
Suppose 7*f - 9*f + 12 = 0. Suppose -9*u + f*u = -264. List the prime factors of u.
2, 11
Let s(p) = -4*p. Let x be s(1). Let u be 10/20 - 10/x. Suppose 0 = -g + 3 + u. What are the prime factors of g?
2, 3
Let m(j) = -j + 7. Let h be m(7). Suppose -4*p = 4*k - 16, h = -3*k + p - 1 - 3. Suppose k - 6 = -2*o. What are the prime factors of o?
3
Suppose -8*b + 529 + 63 = 0. What are the prime factors of b?
2, 37
Let r(z) = z**2 - 2*z + 3. Let a = -11 + 15. Suppose 3*y + 3 = a*y. List the prime factors of r(y).
2, 3
Let z be (-6)/18 + 6/(-9). List the prime factors of -2*z/2*(-1 - -168).
167
Suppose -6*w + w = -l + 595, -l - 3*w = -579. List the prime factors of l.
3, 5, 13
Let k(j) = j**2 + 2*j + 5. Let u be k(0). What are the prime factors of 67 + ((-10)/u - 1)?
2
Let d(y) = y**3 - 5*y**2 + 4. Let m be d(5). Suppose m*w = 7*w. Suppose w = 4*t + t - 100. List the prime factors of t.
2, 5
Let c be (-7618)/(-5) + 4/10. Suppose -2*a + c = 2*a. List the prime factors of 2/(-5) + a/15.
5
Let t = -4748 + 7008. List the prime factors of t.
2, 5, 113
Suppose 9*y - x - 4185 = 7*y, -8365 = -4*y - 3*x. What are the prime factors of y?
2, 523
Suppose 0 = -9*r + 8*r + 7. Suppose -98 = -5*x + 3*z - 0*z, 5*x = 2*z + 102. Suppose x = 3*l + r. What are the prime factors of l?
5
Let a(m) = 3*m**3 - m**2 - 7*m + 2. Let 